 Let t(v) = -v**3 + 2*v + 3. Calculate the remainder when l is divided by t(-2).
6
Let c(g) = -g**2 - 5*g - 2. Let s be c(-4). Suppose -3*k + i + 42 = -s*i, -k + 5*i = -18. Calculate the remainder when 24 is divided by k.
11
What is the remainder when (27/6)/(-3)*(-356)/6 is divided by 47?
42
Let s be 1/2 + 27/6. Let w be s/(-4) - 9/(-36). What is the remainder when 10 is divided by (6/(-9))/(w/6)?
2
Suppose 5*d = 11 - 1. Let b = -12 - -17. What is the remainder when b is divided by d?
1
Let r(g) = g**2 + 3*g - 2. Let k be r(-4). Suppose -k*m + 267 = m. Suppose 274 = 5*v + m. What is the remainder when v is divided by 13?
11
Calculate the remainder when 102 is divided by 5/(-3 - (-66)/21).
32
Suppose 0*s = -s + 2. Suppose -s*p = 16 - 50. What is the remainder when p is divided by 9?
8
Suppose -3*x = x - 76. What is the remainder when (-20)/(-6)*33/2 is divided by x?
17
Let q(j) = 2*j**3 - 3*j + 0*j**3 - 2*j**2 - 1 - 4*j**3 + j. Let r be q(-1). Calculate the remainder when 47 is divided by (80/(-5))/((-1)/r).
15
Suppose -m = -6*m + 5*p + 265, 2*p = -5*m + 230. Calculate the remainder when m is divided by 10.
8
Let y = -13 - -12. What is the remainder when 32 + y/(-1)*-1 is divided by 17?
14
Suppose -w - 5*w = -72. Calculate the remainder when ((-10)/(-8))/((-2)/(-8)) is divided by 6/8 + 15/w.
1
Let j = 7 + -7. Suppose -2*n = -j*n - 5*z - 16, 3*n - 24 = 4*z. Calculate the remainder when 21 is divided by n.
5
Let r be 48/9 - (-2)/3. Let s = r + 0. Suppose -44 - 20 = -4*p. What is the remainder when p is divided by s?
4
Suppose -2*l + 20 = -4*r, 3*r = -3 - 9. Suppose 0 = 4*d - 2*d + 2*a - 2, l*a = -4*d + 10. Calculate the remainder when d is divided by (2/1)/((-1)/(-1)).
0
Calculate the remainder when 51 is divided by 0 + -1 + 11 - (-18)/6.
12
Suppose 0 = -5*d + 42 + 8. Let w = -11 - -15. Calculate the remainder when d is divided by w.
2
Suppose -o = y - 7, -y + 4*o + 22 = 2*o. Let v = y - -3. Calculate the remainder when 29 is divided by v.
14
Suppose -5*f + a = -56, 4*a + 0*a = 16. What is the remainder when f is divided by 7?
5
Let m(x) = 35*x**2 - 2*x - 2. What is the remainder when m(-1) is divided by 9?
8
Suppose 2*w = 2*z - 4 - 4, 20 = 5*w. Suppose -z*q + 20 = -4*q. Let p(b) = -b**2 + 5*b + 8. Calculate the remainder when q is divided by p(6).
1
Suppose 3*t - 2*t = -2*k + 16, 4*t + 3*k - 39 = 0. Suppose -40 - 60 = 2*u. What is the remainder when u/(-3) + (-4)/6 is divided by t?
4
Suppose -60 = -5*g + 5*c, 4*g + c = 8*g - 54. What is the remainder when g is divided by 7 - (2 - -3) - -3?
4
Let c = -10 - -16. Let n = 4 - -4. What is the remainder when n is divided by (-2)/((-1)/(c/4))?
2
Let n = 14 - 14. Suppose -2*t + 34 = -n*t. What is the remainder when t is divided by 10?
7
Let m(p) = 17*p - 6. Let y be m(4). Suppose 3*g - 19 = -4*k, 4*g + 3*k = 5*k + y. Calculate the remainder when 50 is divided by g.
11
Let u be (-585)/(-25) + (-2)/5. Suppose -u = -5*o + o - 3*g, 2*o = -3*g + 7. What is the remainder when 22 is divided by o?
6
Let l(j) = -3*j. Let d(c) = 3*c**3 - 2*c**2 + 3*c - 1. What is the remainder when d(2) is divided by l(-2)?
3
Suppose -3*d - 57 = -2*j, 3*j - 27 = 2*j + 3*d. Let f = j + -16. Calculate the remainder when 26 is divided by f.
12
Let u(s) be the second derivative of 31*s**4/12 + s**3/6 + 2*s. Calculate the remainder when u(1) is divided by 11.
10
Let i = -2 - -6. Let m = 7 - i. Suppose p - 284 = -m*p. What is the remainder when p is divided by 18?
17
Let p(k) be the first derivative of -3*k**2/2 - 5*k - 3. What is the remainder when 12 is divided by p(-4)?
5
Suppose -9 - 21 = -3*z. Let f = 118 - 115. Calculate the remainder when z is divided by f.
1
Let s = 71 - 48. What is the remainder when s is divided by 8?
7
Suppose -y - 2*i + 152 = 3*y, -5*y - 5*i = -190. Suppose 60 = 6*t - 3*t. What is the remainder when y is divided by t?
18
Let n(b) = 2*b**2 - b. What is the remainder when 8 is divided by n(-1)?
2
Let w = 90 + -24. Calculate the remainder when w is divided by 23.
20
Suppose -5*k = -m - 54, -m = 2 + 2. Suppose -4*o = 3*d - 900, -751 = -3*o - 5*d - 76. Calculate the remainder when o/k + 1/(-2) is divided by 8.
6
Suppose 153 = 5*d - 2*d. Calculate the remainder when d is divided by 18.
15
Suppose 3*b = 7 + 5. Let a be (b - 2)*7 - 0. Suppose -2*q = 4*c - 28, 3*c - 4*q + 9*q - a = 0. Calculate the remainder when 22 is divided by c.
6
Let m(t) be the third derivative of 5*t**2 - 7/6*t**3 + 0 - 5/24*t**4 + 0*t. Calculate the remainder when m(-5) is divided by 7.
4
Let c = 11 + 50. Suppose 2*y - 14 + 2 = 0. Let b = c - y. Calculate the remainder when b is divided by 19.
17
Let f = -10 + 15. Let v = 685 - 675. What is the remainder when (-276)/(-10) + 2/f is divided by v?
8
Suppose 5*j - 51 = -2*t, -j = -2*j - 4*t + 3. What is the remainder when 34 - (3 - 1 - -1) is divided by j?
9
Let v be (1/3)/((-2)/(-36)). Let p = v + 5. What is the remainder when 21 is divided by p?
10
Suppose -3*m + m + 40 = 0. Let i be 3 + (-4 - -2)/2. Suppose 5*t + 5*y = 30, 2*t - i = 4*y + 16. What is the remainder when m is divided by t?
6
Let x = 17 - 8. Calculate the remainder when x is divided by 63/12 + 2/(-8).
4
Let w be (0 + -1)/((-2)/4). Suppose 3*l - 4 - w = 0. Suppose d = 2*d - l. What is the remainder when d is divided by 1?
0
What is the remainder when 19 is divided by (-4 - -15)/(2/2)?
8
Suppose 4*l - 2*z - 92 = -4*z, 3*l - 4*z - 80 = 0. Let j(q) = -q**3 - 4*q**2 + q - 7. What is the remainder when l is divided by j(-5)?
11
Let q(a) = a**2 - 9*a - 2. Suppose o = -5 + 28. What is the remainder when o/1 + (-2)/2 is divided by q(10)?
6
Suppose 59 = 5*s + 4. What is the remainder when 41 is divided by s?
8
Suppose -6*y = -13*y + 49. Calculate the remainder when 69 is divided by y.
6
Suppose -73 = -8*c + 1271. Calculate the remainder when c is divided by 34.
32
Let o(s) = -s**2 + 11*s - 4. Suppose -2*z = 3*z - 50. Let l(g) = -15*g + 1. What is the remainder when l(-1) is divided by o(z)?
4
Suppose 0 = -12*z + 10*z + 6. Calculate the remainder when z is divided by 1.
0
Let g(w) = -w**3 - 4*w**2 + 2*w - 4. Let m(x) = -2*x**2 - 7*x + 6. Let i be m(-6). Let y = 7 - i. What is the remainder when y is divided by g(-5)?
9
Suppose 5*n + 232 = -4*p + 73, -2*n - 3*p - 58 = 0. What is the remainder when 22 is divided by (-4)/(-12) - n/3?
10
Suppose -19 = -4*i + 5. Suppose 32 = 2*n - 0. Calculate the remainder when n is divided by i.
4
Suppose -3*y + 12 = 3*q, -3*q + 4*q - 10 = -2*y. What is the remainder when y is divided by 3?
0
Suppose 5*w = p - 1, 3*p - 2*w + 3 = -7. Let i(a) = -a**2 - 6*a - 5. Let u be i(p). Suppose -2*g - 1 = -u*g. Calculate the remainder when 2 is divided by g.
0
Let y(b) = b**3 + 11*b**2 + 24*b + 18. Let o(t) = -t**3 - 12*t**2 - 23*t - 18. Let g(r) = 6*o(r) + 5*y(r). Calculate the remainder when 25 is divided by g(-16).
11
Let d(s) = -s**2 - 10*s + 8. Let q be d(-10). Suppose -8*w = -7*w - q. Calculate the remainder when 38 is divided by w.
6
Let v = 169 - 154. Calculate the remainder when 70 is divided by v.
10
Let k(l) be the third derivative of -l**5/60 + 5*l**4/12 + 5*l**3/3 - l**2. Calculate the remainder when k(8) is divided by 7.
5
Let c(v) = 7*v + 1. Let w(n) = n**3 - 2*n**2 - n - 1. Let s be w(3). Calculate the remainder when c(s) is divided by 19.
17
Let l(o) = -o**3 + 4*o**2 + 6*o - 2. What is the remainder when l(-4) is divided by 26?
24
Calculate the remainder when 29 is divided by 11/1 + 6/(-2).
5
Suppose -3*k + 6*k - 10 = -v, 4*k + 3*v = 20. Let o(w) = w**2 - 4*w + 3. What is the remainder when o(4) is divided by k?
1
Let u be (3 + -3)*(-1)/2. Suppose u = 4*a + 7 + 5. What is the remainder when 6*((-56)/a)/4 is divided by 15?
13
Suppose -u - 3*w + 11 = -w, 0 = -3*u - 5*w + 34. Suppose -3*x + x = -10. What is the remainder when u is divided by x?
3
Let w = 36 + 14. Let m(k) = -3*k + 2. Calculate the remainder when w is divided by m(-5).
16
Let v = 188 + -133. What is the remainder when v is divided by 8?
7
Let j = -258 + 505. Suppose -4*s = j + 145. Calculate the remainder when s/(-6) - (-4)/(-12) is divided by 9.
7
Let b be 2/(-5) + (-1494)/15. Let p = -69 - b. Let z = 12 + 4. What is the remainder when p is divided by z?
15
Let r be 2 - (-5)/(15/63). Let l = 38 - r. Calculate the remainder when 26 is 